*r, -70 = -3*f + 3*r - 2*r. Let n(v) = 8*v**2 + v. Let u be n(1). Suppose u = o - 3. What is the remainder when f is divided by o?
10
Let x(q) = -q**2 - 3*q + 36. Let k be x(0). Suppose 3*w - 54 - k = 0. What is the remainder when 58 is divided by w?
28
Let k(t) = -2 + 6 + t - 2*t - 2*t. Let h be k(-11). Suppose -3*o + 3 = -m + 3*m, 2*o = 3*m - h. What is the remainder when 16 is divided by m?
7
Let t be -6 + 1 - 12/(-4). What is the remainder when 7/(-21)*t*57 is divided by 8?
6
Let f(v) = -5*v - 2*v - 2 + 4 + 7*v**2 + 3 - v**3. What is the remainder when 39 is divided by f(5)?
19
Let q = 65 + -53. What is the remainder when q is divided by 2?
0
Let o(t) = 2*t - 4. Let n be o(5). Let w be (1 - (-52)/n)*-9. Calculate the remainder when (w/6)/(1/(-2)) is divided by 15.
14
Let d = -39 + 67. What is the remainder when 53 is divided by d?
25
Let j be (-5 - -1)*3/(-6). Suppose 2*q + j*d - 61 = -q, -2*q + 34 = 3*d. Calculate the remainder when q is divided by 6.
5
Let r = -32 - -43. What is the remainder when 29 is divided by r?
7
Let x(h) = h**3 - 9*h**2 - 11*h + 12. Suppose -3*v + 23 = -7. Let f be x(v). Suppose -2*w + f = -10. Calculate the remainder when 17 is divided by w.
5
Calculate the remainder when (1 - -31) + (11 - 8) is divided by 9.
8
Let n be (2/(-4))/((-11)/(-110)). Calculate the remainder when (-6)/8*(n - 3) is divided by 2.
0
What is the remainder when 112 + 5/(-1) + 3/1 is divided by 38?
34
Suppose 91 + 9 = -4*r. What is the remainder when 48 - (0 - -1 - 0) is divided by -1 + (-2)/(2/r)?
23
Let u(j) = 2*j**2 - 11*j + 25. Calculate the remainder when 56 is divided by u(6).
25
Let m be 2/(-8) - (-162)/8. Suppose -j + m = -7. What is the remainder when j is divided by 7?
6
Suppose 0 = 5*m - 18 - 17. Let k(c) = -c - 4. Let b be k(8). Let l = b + 24. What is the remainder when l is divided by m?
5
Let a = 10 + 1. Let p = a + 7. Suppose -4*g - 5*c + 49 = 0, -59 = -4*g + 3*c - p. Calculate the remainder when 20 is divided by g.
9
Let j = -4 - -13. Suppose -2*c + 15 = -j. Calculate the remainder when 46 is divided by c.
10
Let g(z) = 72*z**3 - 2*z**2 + 4*z - 3. Calculate the remainder when g(1) is divided by 24.
23
Let p(f) = -30*f + 1. Let y be p(-1). Suppose 5*o - y = -2*r, 4*r + 0 = 4*o - 8. What is the remainder when r is divided by 2?
1
Suppose 0 = -4*h - 5*m + 166, -4*h + 65 + 81 = -5*m. What is the remainder when h is divided by 21?
18
Suppose -4*v + 60 = 2*y - 6*y, 10 = -2*y. Suppose 3*p - 11 = v. What is the remainder when 13 is divided by p?
6
Let l(b) = b + 1. Let t be l(4). Suppose 2*s = 2*m - 6, 0*m = m - t*s + 5. What is the remainder when 12 is divided by m?
2
Suppose -y - 20 = -2*y - 4*m, -2 = -m. Suppose 0 = -2*u - 7 + 97. What is the remainder when u is divided by y?
9
Let y(t) = -t**3 - 3*t**2 - t. Suppose 4*l + 16 = 0, 0 = -3*k + 7*k + 4*l - 100. What is the remainder when y(-5) is divided by k?
26
Suppose 3*s = 4*s + 3. Calculate the remainder when 9/(-6)*86/s is divided by 15.
13
Let p be 2*(-9)/(-6) - 1. Suppose d - 5*i - 20 = 0, 5*d + p*i + 2*i = -45. Let l = d + 37. What is the remainder when l is divided by 11?
10
Suppose 3*a = -g + 4*g + 87, 0 = -4*g. Let v = 27 - 45. Let c = -10 - v. Calculate the remainder when a is divided by c.
5
Let s be ((-2)/2)/(1/(-5)). Suppose 0 = -s*t - 5*y + 110, 2*y = 4*t + y - 103. Calculate the remainder when 48 is divided by t.
23
Let g = -20 + 35. Suppose -f + 1 = t - 23, 4*t - 124 = 3*f. What is the remainder when t is divided by g?
13
Let p = -6 + 9. Suppose p*w = -2*w. Suppose w = 3*x - 34 - 2. Calculate the remainder when 23 is divided by x.
11
Let z = -37 - -131. Suppose z = 3*q - 65. Calculate the remainder when q is divided by 14.
11
Let h(i) = 12*i + 3. What is the remainder when 72 is divided by h(1)?
12
Suppose -c + 5*s = -42, 2*c + c - 107 = -4*s. What is the remainder when 184 is divided by c?
36
Let k = 96 + -88. Suppose m + 7 = 28. What is the remainder when m is divided by k?
5
Let t = 21 + -9. Suppose 4*i + 28 = -t. What is the remainder when 5*8*(-4)/i is divided by 6?
4
Let h(p) = -10*p + 1. Suppose -2 = -3*j - 5. Suppose 2*a = 6*a - 120. Calculate the remainder when a is divided by h(j).
8
Suppose -4*w - 2*u - 29 + 219 = 0, -2*w + 91 = -3*u. Calculate the remainder when w is divided by 10.
7
Let k = -187 + 191. Calculate the remainder when 10 is divided by k.
2
Suppose 0*t + 2*f + 19 = 3*t, -5*t + 38 = 3*f. Suppose -31*j = -28*j - 75. Calculate the remainder when j is divided by t.
4
Suppose z - s = 2*s + 21, -2*z + 5*s = -42. What is the remainder when 40 is divided by z?
19
Let w = 2 + -1. Let b be w/4 + 1822/8. Suppose 3*p + 5*v - 174 = -p, -b = -5*p - v. Calculate the remainder when p is divided by 12.
10
What is the remainder when 9 is divided by -1 + 11/(11/6)?
4
Let u(q) = -q**3 - 3*q**2 + 2*q. Let g be u(-3). Suppose -3*s - 3 = 3. Calculate the remainder when 12 is divided by 7/(s*3/g).
5
What is the remainder when (-1260)/(-54) - (-2)/(-6) is divided by 12?
11
Let q = -6 - -4. Calculate the remainder when 10 is divided by (-2)/((-3)/(-2) + q).
2
Suppose 1 = 2*u - 5. Suppose u*k = k. Suppose k = 2*v + 4*d - 6, 29 = 4*v - v + d. Calculate the remainder when 21 is divided by v.
10
Let v(w) = -w**3 - 8*w**2 + 11*w + 13. Calculate the remainder when v(-10) is divided by 21.
19
Let w(r) = -r**3 - 2*r - 2. What is the remainder when 16 is divided by w(-2)?
6
Let s = 43 + -24. Suppose -2*d - 3*d = -35. What is the remainder when s is divided by d?
5
Suppose -3*p + 22 = -26. What is the remainder when 125 is divided by p?
13
What is the remainder when 100 is divided by 1815/105 - (-2)/(-7)?
15
Suppose -5*o + 2*o + 12 = 0. Suppose o*r + 0*r - 132 = 0. Calculate the remainder when r is divided by 17.
16
Let i be ((-1)/2)/(3/(-30)). Suppose -u - 32 = -i*u. Calculate the remainder when 23 is divided by u.
7
Let o(k) = -k**2 - 10*k + 14. Let b be o(-11). Suppose -3*m + 327 = 5*j, -4*m = -3*j - b*m + 199. Calculate the remainder when j is divided by 17.
15
Suppose 0 = -3*w - 5*k - 535, -3*w + 2*w = 5*k + 185. Calculate the remainder when w/(-6) + (-2)/12 is divided by 32/(-10)*(-9 + 4).
13
Let f be 2*(-8)/(-6)*-9. Suppose -205 = -5*s - 60. Calculate the remainder when s is divided by 90/f*(-8)/3.
9
Let q = -3 + 10. Suppose 0*a = a - q. Calculate the remainder when 18 is divided by a.
4
Suppose -6*p = -2 - 4. What is the remainder when 1 is divided by p?
0
Let x(f) = -2*f - 5. Let s be x(-4). Suppose z - 31 = 4*a, s*a - 8*a = -z + 36. Let y = 30 - 10. Calculate the remainder when y is divided by z.
9
Let v be (-10)/45 + (-7)/9. Let y = v + -9. Calculate the remainder when 153/15 - (-2)/y is divided by 6.
4
Let h(u) = 3*u**2 + 10*u - 3. What is the remainder when h(-9) is divided by 51?
48
What is the remainder when 17 is divided by (-64)/(-6) + 2/(-3)?
7
Let x(i) = 5*i + 4. What is the remainder when 201 is divided by x(5)?
27
Calculate the remainder when 129 is divided by ((-1)/(-3)*3)/(2/52).
25
Let x(j) = 2*j**3 - 40*j**2 + 12. Suppose 3*c + 165 = 3*t, -5*c + 305 = -0*t + 5*t. Calculate the remainder when t is divided by x(20).
10
Let t be 18*((-11)/3 - -3). Let k be (t/(-2) - -1) + 2. Suppose 25 = n + 2*d, -4*d + k*d + 108 = 3*n. What is the remainder when n is divided by 17?
14
Let o be (-10)/5 + 0 + 5. Suppose -2*b - 30 = -o*i, 2*b - 2*i = 7*b + 94. Let q = b - -33. What is the remainder when 43 is divided by q?
13
Let y(b) = b**2 - 10*b + 33. Calculate the remainder when 20 is divided by y(7).
8
Suppose 0*j = 3*j - 129. Suppose -3 = d - j. Suppose -5*a + 86 = -4*i, -7 = a + 5*i - 1. What is the remainder when d is divided by a?
12
Let t = 76 + -142. What is the remainder when t/(-9) - 2/(-3) is divided by (-13)/(-3) - (-10)/15?
3
Let z = 2 - 0. Let g(s) = -4*s - 2. What is the remainder when g(-5) is divided by (0 + z)/(4/20)?
8
Let n(k) = -31*k**3 + 4*k**2 + 5*k. Let o be n(4). What is the remainder when 4/18 - o/36 is divided by 18?
17
Suppose 2*l - 13 = 5*b, -3*l + 5 = 3*b - 4. Suppose -2*w - l = 0, -5*t + 10 = -4*t + 3*w. What is the remainder when t is divided by ((-2)/8 - 2)/(15/(-60))?
7
Suppose 2*v - 2*l - 4 = 0, -50 = -3*v - 5*l - 4. Let f = v - -50. Calculate the remainder when f is divided by 15.
12
Calculate the remainder when (103/2)/((-5)/(-10